222101
Convert 12b (base 16) to base 4.
10223
-10001201212 (base 3) to base 11
-41351
Convert -27662 (base 8) to base 7.
-50412
Convert 82610 (base 9) to base 5.
3220231
Convert 343231 (base 7) to base 14.
18418
231 (base 16) to base 6
2333
10010101111101 (base 2) to base 4
2111331
2122003 (base 4) to base 15
2dc4
What is 145 (base 16) in base 15?
16a
-100021 (base 3) to base 4
-3322
Convert -100102111 (base 4) to base 5.
-4113314
What is 143554 (base 6) in base 12?
7bba
What is 7742 (base 8) in base 3?
12120121
-367 (base 11) to base 5
-3221
32130 (base 6) to base 14
1846
Convert -10101111 (base 2) to base 16.
-af
Convert -101110110 (base 2) to base 4.
-11312
What is -37830 (base 9) in base 12?
-12899
-114555 (base 7) to base 14
-7865
What is -4320 (base 8) in base 5?
-33011
What is -21212 (base 6) in base 4?
-231020
What is 150031 (base 6) in base 4?
3133003
Convert 977 (base 11) to base 5.
14143
Convert 15610 (base 7) to base 12.
2681
361 (base 11) to base 10
430
Convert -40 (base 14) to base 11.
-51
What is -1265 (base 10) in base 6?
-5505
11313222 (base 4) to base 3
1012222110
What is 402433 (base 5) in base 4?
3021010
Convert -370 (base 16) to base 15.
-3da
19dc (base 15) to base 12
32b3
Convert 6261 (base 7) to base 14.
b31
101011111 (base 2) to base 4
11133
What is -33775 (base 8) in base 7?
-56534
1694 (base 15) to base 2
1001100000000
-100330 (base 4) to base 7
-3106
28190 (base 12) to base 13
1c38c
Convert -a3a2 (base 12) to base 4.
-10112222
-8117 (base 9) to base 6
-43241
Convert 2111020112 (base 3) to base 12.
2444b
What is -32301030 (base 4) in base 10?
-60492
Convert 11010010110 (base 2) to base 9.
2273
Convert -533 (base 8) to base 7.
-1004
180 (base 9) to base 6
413
What is 35550 (base 8) in base 11?
10476
What is 1403 (base 9) in base 14?
556
Convert -7ba2 (base 12) to base 14.
-505c
What is 2300 (base 6) in base 10?
540
Convert 7124 (base 8) to base 16.
e54
What is 2330 (base 6) in base 3?
202200
Convert -4268 (base 11) to base 4.
-1120020
Convert -103440 (base 5) to base 6.
-24432
3d6 (base 16) to base 9
1311
-1634 (base 9) to base 6
-5434
Convert -30041 (base 6) to base 7.
-14260
Convert 4066 (base 12) to base 4.
1231032
abb (base 14) to base 5
32000
-356 (base 14) to base 9
-817
What is -12431 (base 5) in base 16?
-3df
What is -353563 (base 7) in base 15?
-13d4a
1340 (base 6) to base 2
101011100
Convert -1110011001 (base 2) to base 11.
-768
What is -c6a (base 15) in base 6?
-20544
Convert 223213 (base 4) to base 13.
1369
-114030 (base 6) to base 4
-2123202
What is 4688 (base 9) in base 2?
110110011010
Convert -21121 (base 6) to base 8.
-5451
Convert 2245 (base 7) to base 4.
30301
-500 (base 11) to base 8
-1135
10452 (base 6) to base 5
21342
-1202 (base 7) to base 6
-2015
Convert -1276 (base 15) to base 2.
-111101100000
Convert 76 (base 14) to base 9.
125
What is -14445 (base 6) in base 9?
-3172
What is 20021030 (base 4) in base 7?
166151
-7131 (base 12) to base 4
-2333311
Convert -1388 (base 11) to base 16.
-6fe
3a98 (base 11) to base 3
21021200
What is 13124 (base 6) in base 9?
2657
-53 (base 16) to base 10
-83
Convert -1000010101110 (base 2) to base 3.
-12212011
22024 (base 8) to base 4
2100110
Convert -5413 (base 7) to base 4.
-132001
Convert -10011101 (base 2) to base 11.
-133
Convert 244424 (base 6) to base 5.
1144020
Convert 279a (base 16) to base 5.
311023
Convert -101100 (base 3) to base 9.
-340
What is 8b3c (base 14) in base 12?
11b96
What is -331453 (base 6) in base 9?
-41776
What is 974 (base 10) in base 9?
1302
What is 2820 (base 12) in base 7?
16335
Convert 1 (base 14) to base 3.
1
4685 (base 11) to base 10
6143
-103 (base 8) to base 14
-4b
1000000000100011 (base 2) to base 6
411511
Convert 26254 (base 7) to base 8.
15525
-8434 (base 10) to base 12
-4a6a
Convert -5125 (base 6) to base 7.
-3206
What is 2102230 (base 4) in base 6?
111244
Convert -30311312 (base 4) to base 13.
-1ac30
9a05 (base 13) to base 2
101001111011100
-311401 (base 5) to base 15
-306b
Convert -2727 (base 8) to base 4.
-113113
315035 (base 6) to base 8
62177
-21531 (base 6) to base 7
-11524
What is -5380 (base 10) in base 2?
-1010100000100
Convert -2a1 (base 11) to base 4.
-11201
What is -7d51 (base 14) in base 5?
-1144302
What is 66613 (base 7) in base 8?
40600
Convert -1011020 (base 3) to base 9.
-1136
-201505 (base 6) to base 16
-3e51
What is 51a (base 11) in base 10?
626
What is 101211201 (base 3) in base 9?
11751
Convert -b32 (base 13) to base 2.
-11101101100
10210 (base 3) to base 6
250
Convert -637 (base 15) to base 11.
-1065
What is 41033 (base 5) in base 7?
10464
What is -4673 (base 12) in base 11?
-59a9
10323122 (base 4) to base 9
30618
What is cb8 (base 14) in base 15?
b29
Convert 120120001 (base 3) to base 6.
124301
What is -3304 (base 6) in base 4?
-23320
1420043 (base 5) to base 16
72d6
What is 153220 (base 6) in base 3?
202120010
-475 (base 8) to base 15
-162
1405 (base 10) to base 7
4045
What is -50635 (base 7) in base 15?
-39ba
What is 7283 (base 9) in base 16?
14dc
-6313 (base 7) to base 16
-8a7
Convert -346 (base 15) to base 8.
-1345
-1ee2 (base 16) to base 7
-32023
-3986 (base 10) to base 13
-1a78
Convert -302033 (base 4) to base 11.
-2463
What is 1a768 (base 12) in base 16?
98c0
What is -3ca2 (base 16) in base 11?
-10731
4260 (base 11) to base 14
20a4
-2b63 (base 13) to base 11
-4839
What is 10541 (base 8) in base 12?
26a9
What is e828 (base 15) in base 2?
1011111111000000
What is 31459 (base 10) in base 4?
13223203
Convert -251405 (base 7) to base 2.
-1011010001010011
What is 542200 (base 6) in base 15?
d313
Convert -799 (base 16) to base 6.
-13001
Convert 401 (base 7) to base 16.
c5
Convert -32 (base 16) to base 14.
-38
1111000011 (base 2) to base 8
1703
What is 10dd (base 15) in base 16?
dff
1264 (base 7) to base 2
111100111
-12403 (base 6) to base 12
-1103
What is 572a (base 11) in base 8?
16556
What is -1001001000 (base 2) in base 5?
-4314
What is 1861 (base 15) in base 13?
2521
Convert -1210020 (base 3) to base 7.
-3540
-74700 (base 8) to base 10
-31168
Convert 1212 (base 6) to base 16.
128
Convert -5321 (base 9) to base 16.
-f43
What is 625 (base 8) in base 5?
3110
Convert 111032 (base 4) to base 14.
6d0
What is -12321 (base 5) in base 2?
-1111000001
Convert 758 (base 9) to base 12.
438
What is -2284 (base 10) in base 15?
-a24
Convert 73 (base 11) to base 10.
80
-2b36 (base 13) to base 9
-8567
-300 (base 15) to base 6
-3043
21226 (base 7) to base 14
1cbd
Convert 3433233 (base 5) to base 12.
2b851
What is 40116 (base 8) in base 10?
16462
131133 (base 4) to base 7
5334
What is -22122200 (base 3) in base 4?
-1202211
-5100 (base 6) to base 8
-2134
Convert 100001001100111 (base 2) to base 10.
16999
-101120 (base 3) to base 16
-11d
-300002 (base 4) to base 2
-110000000010
What is -1123202 (base 5) in base 7?
-113361
What is 2201 (base 8) in base 12?
801
11 (base 8) to base 14
9
What is -9ba (base 16) in base 12?
-1536
Convert 5423 (base 6) to base 5.
14424
Convert 415441 (base 7) to base 15.
16314
6c17 (base 13) to base 15
47a5
Convert 6b01 (base 12) to base 6.
131201
What is 5db (base 14) in base 4?
102111
What is -19460 (base 10) in base 11?
-13691
What is -2211100 (base 3) in base 10?
-2061
29031 (base 10) to base 4
13011213
What is -2966 (base 16) in base 11?
-7a65
5615 (base 9) to base 3
12200112
What is -5e73 (base 15) in base 3?
-1000121200
What is 56b (base 13) in base 11?
77a
Convert 51 (base 7) to base 6.
100
-100000001010110 (base 2) to base 12
-9646
What is -813 (base 13) in base 6?
-10200
What is 1101101012 (base 3) in base 9?
41335
Convert 343 (base 6) to base 4.
2013
Convert -1102021010 (base 3) to base 15.
-83e9
451 (base 15) to base 12
694
Convert 453 (base 10) to base 6.
2033
What is 12032 (base 12) in base 7?
130433
Convert 3d4 (base 16) to base 6.
4312
Convert 6685 (base 10) to base 13.
3073
22166 (base 8) to base 10
9334
What is 101110110101011 (base 2) in base 6?
303003
Convert -6953 (base 12) to base 14.
-43b9
Convert 481 (base 9) to base 11.
331
Convert -100101010 (base 2) to base 12.
-20a
What is a321 (base 16) in base 9?
63251
-12a6 (base 11) to base 16
-699
What is -4ec0 (base 15) in base 12?
-98a6
What is 12111201 (base 3) in base 7?
14464
Convert 11101011011 (base 2) to base 7.
5330
C